at is the remainder when 542606 is divided by 2401?
2381
Calculate the remainder when 15064731 is divided by 3012940.
31
What is the remainder when 37635 is divided by 37615?
20
What is the remainder when 1233674 is divided by 616793?
88
What is the remainder when 17673861 is divided by 26?
23
What is the remainder when 92545 is divided by 7100?
245
What is the remainder when 25068 is divided by 12499?
70
What is the remainder when 154651 is divided by 154641?
10
What is the remainder when 15263204 is divided by 216?
212
Calculate the remainder when 26485 is divided by 6593.
113
What is the remainder when 78696 is divided by 39157?
382
Calculate the remainder when 4979618 is divided by 340.
318
Calculate the remainder when 2393441 is divided by 95.
11
What is the remainder when 164568310 is divided by 12?
10
What is the remainder when 190567 is divided by 38110?
17
What is the remainder when 123635 is divided by 1382?
637
Calculate the remainder when 1757182 is divided by 742.
126
What is the remainder when 10807111 is divided by 473?
7
What is the remainder when 60362156 is divided by 34?
18
What is the remainder when 844060 is divided by 84348?
580
Calculate the remainder when 252914 is divided by 2073.
8
Calculate the remainder when 133721058 is divided by 36.
30
Calculate the remainder when 8701391 is divided by 559.
556
What is the remainder when 11478390 is divided by 12?
6
Calculate the remainder when 308400 is divided by 38549.
8
Calculate the remainder when 531257 is divided by 3689.
41
Calculate the remainder when 1216900 is divided by 6338.
4
Calculate the remainder when 2798160 is divided by 357.
351
Calculate the remainder when 593395 is divided by 2760.
2755
What is the remainder when 276014 is divided by 105?
74
What is the remainder when 16695221 is divided by 21?
11
What is the remainder when 449009 is divided by 110?
99
What is the remainder when 578455 is divided by 52?
7
What is the remainder when 2237203 is divided by 27965?
3
Calculate the remainder when 173064 is divided by 1174.
486
Calculate the remainder when 76249906 is divided by 281.
275
Calculate the remainder when 55326783 is divided by 1152641.
15
Calculate the remainder when 37697 is divided by 18794.
109
What is the remainder when 147045 is divided by 48990?
75
What is the remainder when 159503615 is divided by 67?
65
What is the remainder when 1163458 is divided by 40?
18
Calculate the remainder when 2583101 is divided by 152.
13
What is the remainder when 2448406 is divided by 33538?
132
What is the remainder when 141292 is divided by 563?
542
Calculate the remainder when 8217514 is divided by 932.
70
Calculate the remainder when 2157778 is divided by 26.
12
Calculate the remainder when 21280243 is divided by 114.
91
Calculate the remainder when 2315855 is divided by 8452.
7
Calculate the remainder when 50211 is divided by 8875.
5836
Calculate the remainder when 539740 is divided by 10996.
936
What is the remainder when 3066741 is divided by 51?
9
Calculate the remainder when 482 is divided by 143.
53
Calculate the remainder when 855828 is divided by 4482.
4248
What is the remainder when 571057 is divided by 49?
11
Calculate the remainder when 12425268 is divided by 403.
375
Calculate the remainder when 317994729 is divided by 1654.
1651
Calculate the remainder when 20777054 is divided by 2029.
94
Calculate the remainder when 6271794 is divided by 481.
35
What is the remainder when 218263 is divided by 395?
223
Calculate the remainder when 9320049 is divided by 621336.
9
What is the remainder when 700965 is divided by 576?
549
What is the remainder when 155379 is divided by 343?
0
What is the remainder when 249132 is divided by 82864?
540
Calculate the remainder when 326113 is divided by 1315.
1308
Calculate the remainder when 48842292 is divided by 27.
21
What is the remainder when 10960968 is divided by 58303?
4
What is the remainder when 198367 is divided by 111?
10
What is the remainder when 3488425 is divided by 29?
15
Calculate the remainder when 62617 is divided by 1019.
458
Calculate the remainder when 1009124 is divided by 201820.
24
Calculate the remainder when 6196905 is divided by 205.
165
What is the remainder when 2759686 is divided by 113?
0
Calculate the remainder when 533424 is divided by 545.
414
What is the remainder when 254697 is divided by 36305?
562
Calculate the remainder when 297766 is divided by 20783.
6804
Calculate the remainder when 7558547 is divided by 944802.
131
What is the remainder when 11924758 is divided by 860?
858
Calculate the remainder when 10126359 is divided by 24.
15
What is the remainder when 119414635 is divided by 268?
267
What is the remainder when 202241 is divided by 22468?
29
What is the remainder when 823110 is divided by 1223?
31
What is the remainder when 69041347 is divided by 74398?
3
What is the remainder when 4336998 is divided by 619571?
1
What is the remainder when 32354225 is divided by 131?
107
Calculate the remainder when 1245364 is divided by 1245338.
26
What is the remainder when 234611 is divided by 39087?
89
What is the remainder when 2806247 is divided by 6762?
17
Calculate the remainder when 1189943 is divided by 20876.
11
Calculate the remainder when 2790939 is divided by 3.
0
Calculate the remainder when 376908445 is divided by 2449.
2447
What is the remainder when 6431100 is divided by 4708?
4680
Calculate the remainder when 12892135 is divided by 27.
13
Calculate the remainder when 1616351 is divided by 8824.
1559
What is the remainder when 30703 is divided by 30368?
335
Calculate the remainder when 67437 is divided by 1297.
1290
Calculate the remainder when 9127975 is divided by 158.
157
Calculate the remainder when 2621700 is divided by 18861.
21
Calculate the remainder when 50716893 is divided by 1761.
93
Calculate the remainder when 53506 is divided by 1860.
1426
What is the remainder when 56763211 is divided by 692234?
23
What is the remainder when 6639995 is divided by 385?
285
What is the remainder when 81319 is divided by 1540?
1239
What is the remainder when 511509 is divided by 176?
53
What is the remainder when 70776114 is divided by 247?
240
Calculate the remainder when 180171894 is divided by 331.
319
What is the remainder when 569818 is divided by 5937?
5803
What is the remainder when 3844282 is divided by 701?
699
Calculate the remainder when 222826099 is divided by 7.
6
What is the remainder when 1428168 is divided by 129833?
5
What is the remainder when 5951847 is divided by 3830?
27
What is the remainder when 86935 is divided by 42758?
1419
Calculate the remainder when 142637 is divided by 439.
401
Calculate the remainder when 598528 is divided by 99753.
10
What is the remainder when 5133540 is divided by 205334?
190
What is the remainder when 118219 is divided by 118061?
158
What is the remainder when 1224342 is divided by 158?
0
Calculate the remainder when 90841248 is divided by 648866.
8
What is the remainder when 241775064 is divided by 13?
11
Calculate the remainder when 571375 is divided by 190345.
340
Calculate the remainder when 13050554 is divided by 873.
77
What is the remainder when 40638 is divided by 557?
534
What is the remainder when 58102336 is divided by 235?
231
Calculate the remainder when 94612 is divided by 2619.
328
Calculate the remainder when 397747 is divided by 66288.
19
What is the remainder when 108662 is divided by 1118?
216
Calculate the remainder when 28732 is divided by 13451.
1830
Calculate the remainder when 41954741 is divided by 276018.
5
Calculate the remainder when 139078 is divided by 69502.
74
What is the remainder when 249698243 is divided by 7?
4
Calculate the remainder when 3564478 is divided by 24.
22
What is the remainder when 546142 is divided by 1135?
207
What is the remainder when 61910 is divided by 631?
72
Calculate the remainder when 45197 is divided by 22270.
657
Calculate the remainder when 6941497 is divided by 125.
122
Calculate the remainder when 2093837 is divided by 2892.
29
What is the remainder when 153255 is divided by 52?
11
What is the remainder when 11797188 is divided by 63?
60
What is the remainder when 724893 is divided by 724877?
16
Calculate the remainder when 15944297 is divided by 332.
329
Wha